f(a) = -a**2 - 17*a - 1. Let t = -24 + 58. Calculate the remainder when f(-11) is divided by t.
31
Let t = 3 + -5. Let v(d) = 16*d**2 - 2*d. Calculate the remainder when v(t) is divided by 23.
22
Suppose -5*c + 99 = -21. What is the remainder when c is divided by 7 - -3*(-8)/(-12)?
6
Let z be 66/(-14) + 6/(-21). Let v(u) = u + 8. Let c be v(z). Suppose -c*b - b - 3 = -t, 2*b = -3*t + 37. Calculate the remainder when 20 is divided by t.
9
Suppose -10*u + 578 = 198. Suppose 2*j - 3*a = j + 45, 0 = 4*j - 5*a - 145. Suppose 5*q - j = 20. What is the remainder when u is divided by q?
8
Let f = 5 + 17. Suppose 0 = -4*w + 2*k + 2, 5*w + k = 2*k + 7. Suppose -w*l + l + f = 0. Calculate the remainder when 65 is divided by l.
21
What is the remainder when 37 is divided by -53*(-1)/4 + 1/(-4)?
11
Let k(l) = l**2 + 4*l - 6. Let n(t) = t**3 - 7*t**2 + 6*t - 4. Let q be n(6). Calculate the remainder when k(-7) is divided by 1/q + (-66)/(-8).
7
Suppose 4*s = -n, -4*s + s - 11 = -2*n. Suppose -4*x + 6*x = 28. What is the remainder when x is divided by n?
2
Let x = 151 + -90. What is the remainder when x is divided by 16?
13
Suppose 3*q - 3*b - 2 + 14 = 0, 2*q + 5*b = 27. Calculate the remainder when 1 is divided by q.
0
Let k = -21 + 39. Calculate the remainder when 52 is divided by k.
16
Let a be (2 - (0 + -13))/1. Let l = 52 - a. Calculate the remainder when l is divided by 20.
17
Suppose -j - 4*j + 5*q - 5 = 0, 5*q - 21 = -3*j. Let w(s) = 7*s**2 - 4*s + 4. Calculate the remainder when w(3) is divided by j/(-6) - (-232)/12.
17
Let m(f) = 11*f**3 - 4*f**2 + 4*f - 2. Let q = 244 + -224. Calculate the remainder when m(2) is divided by q.
18
Suppose j = 5*f + 2*j - 16, -3*f = 3*j. Suppose 0 = -s - 3*s - m + 12, 0 = -f*s - 3*m + 20. Calculate the remainder when 5 is divided by s.
1
Calculate the remainder when 10 + -3 - (1 - -3) is divided by 2.
1
Let j = 5 + -14. Let f = j - -33. Calculate the remainder when f is divided by 13.
11
Suppose 6*a - 21 = -3. Calculate the remainder when 10 is divided by a.
1
Calculate the remainder when 94 is divided by 81/((-12)/(-4)) - 3.
22
Let b be (-40)/(-18) + (-2)/9. Suppose 0 = -b*v + v + 5*k + 79, -5*v + 2*k + 418 = 0. Calculate the remainder when v is divided by 29.
26
Let a(r) = r**2 + 31*r + 150. Suppose z - b - 42 = 16, 2*b - 116 = -2*z. What is the remainder when z is divided by a(-26)?
18
Let z(f) = f**3 - 10*f**2 + f + 9. What is the remainder when 35 is divided by z(10)?
16
Calculate the remainder when (1*-74)/((-22)/11) is divided by 20.
17
Calculate the remainder when 3 + -1 + ((-28)/(-7) - 1) is divided by 2.
1
Let m(z) = z - 2. Let v be m(0). Let w(n) = -6*n**3 - 2*n**2 - 2*n + 1. Calculate the remainder when w(v) is divided by 16.
13
Let q = 59 - 35. Calculate the remainder when q is divided by 13.
11
Let t(c) = 2*c**2 + 11*c - 36. What is the remainder when t(3) is divided by 6?
3
Let w(l) = -l**3 + l**2 + 22. Let x(k) = -k**2 - 7*k + 16. What is the remainder when w(0) is divided by x(-8)?
6
Let d(m) = 6*m**3 - 2*m**2 + m. Suppose 3*h = h. Suppose 3 = -h*t + 3*t. Calculate the remainder when 14 is divided by d(t).
4
Let n = 9 + 57. Let d be (-7 + 1)*n/4. Let b = d - -145. Calculate the remainder when b is divided by 12.
10
Let g = 7 + 16. Let o = -23 + 11. Calculate the remainder when g is divided by o/(-30) + 116/10.
11
Let z be 6/(-21) - 23/(-7). Let r(l) = -l**3 + 4*l**2 + 2*l - 1. What is the remainder when 2*z*(-20)/(-3) is divided by r(3)?
12
Let i(y) = y**3 - 6*y**2 + 5*y + 2. Calculate the remainder when i(6) is divided by 11.
10
Suppose -w - 2*x = -5*w + 178, 5*w - 215 = 5*x. What is the remainder when w is divided by 12?
10
Let p(i) = i**3 - 7*i**2 + 6*i + 5. Calculate the remainder when 13 - (-2 + 2)/(-2) is divided by p(6).
3
Let i(c) = -c**2 + c + 4. Let w be i(3). Let q = 11 + w. Suppose b + 54 = -0*u + 2*u, -4*u + 4*b = -116. Calculate the remainder when u is divided by q.
7
Suppose k = -3 + 14. Let v = k + 4. Let a = 1 - -7. What is the remainder when v is divided by a?
7
Let j(g) = -g - 6. Let x be j(-9). Suppose 9 = 2*u - 3*w, 5*u = -x*w + 41 + 34. Let s = -4 + 27. Calculate the remainder when s is divided by u.
11
Suppose -5*r - 2*g = -183, -5*r + 3*g + 93 = -2*r. What is the remainder when 136 is divided by r?
31
Let h be 0*(-4)/(-2*2). Suppose p = -h*p + 9. Calculate the remainder when 25 is divided by p.
7
Let g(d) = 3*d - 15. Suppose 5*h - 3*n = 46, -2*h - n + 21 = -4. Calculate the remainder when 52 is divided by g(h).
16
Let n = 38 + -4. Calculate the remainder when n is divided by 9.
7
Let w(d) = 14*d**2 + 3*d - 2. What is the remainder when 40 is divided by w(1)?
10
Let s = -4 - -11. Suppose -g + 4*m - 7 = -0*g, m + 3 = 5*g. Suppose o + g = -z, -4*o = 4*z - o. Calculate the remainder when s is divided by z.
1
Suppose 53*s + 1326 = 59*s. Calculate the remainder when s is divided by 28.
25
Suppose 5*p - w = 385, 0 = p - 0*p + 4*w - 98. What is the remainder when p is divided by 20?
18
Suppose -z = -0*z - 21. Let x = z - 12. What is the remainder when 33 is divided by x?
6
Suppose -3*x + 705 = 2*x. Let v = x + -74. What is the remainder when v is divided by 14?
11
Let k = -177 - -126. Let q = k - -152. Calculate the remainder when q is divided by 26.
23
Let t(p) = -p - 2. Let m be t(-4). Suppose 5*k - 52 = -4*o, m*k + 2*o - 9 = 13. Suppose -i = i - k. Calculate the remainder when 7 is divided by i.
3
Calculate the remainder when (-20)/50*(-130)/2 is divided by 15.
11
Calculate the remainder when 55 is divided by (6/(-5))/((-3)/35).
13
Suppose -3*a = r + 3 + 2, -3*a + r = 7. Let n = a + 8. What is the remainder when 10 is divided by n?
4
Let z be (-2)/(-8) + 604/16. Suppose -3*t + 44 = 2*p + 14, 2*p - z = t. Calculate the remainder when p is divided by 5.
3
What is the remainder when (-2)/(-6) + 292/6 is divided by (-1020)/40*4/(-6)?
15
Suppose 0 = -4*d - 2*d - 84. Let x = d + 34. Calculate the remainder when 78 is divided by x.
18
Suppose 20 = 5*m - 0*m. Suppose m*h - 2*h = 3*r - 13, h = 1. Suppose 0*c - 65 = -5*c. What is the remainder when c is divided by r?
3
Let b(f) = -f**3 + 16*f**2 - 14*f - 3. Calculate the remainder when b(15) is divided by 7.
5
Let p(o) = -16*o - 57. Suppose -3*y = -8*y + 125. What is the remainder when y is divided by p(-4)?
4
Let s(t) = 2*t + 16. Calculate the remainder when 61 is divided by s(0).
13
Let t = 41 - 30. Calculate the remainder when 31 is divided by t.
9
Let v(s) = -s**2 - 4*s - 2. Let b(d) = 4*d - 1. Let i be b(-1). Let w be v(i). Let m = -2 - w. What is the remainder when 14 is divided by m?
4
Suppose -c + 231 = r, -4*r + 916 = -0*c + 2*c. Calculate the remainder when r is divided by 10.
7
Let h be (-26)/10 + (-2)/5. Let l = 4 + h. Calculate the remainder when (-77)/(-63) - 4/18 is divided by l.
0
Let z be 22/4 - (-4)/8. Let u = z - -1. Calculate the remainder when (-40)/(-3) - 1/3 is divided by u.
6
Let v(n) = 9*n**3 + 4*n**2 + 2*n + 5. Let d(z) = -8*z**3 - 3*z**2 - z - 4. Let j(f) = -4*d(f) - 3*v(f). What is the remainder when j(1) is divided by 2?
0
Suppose -3 - 6 = -3*i + d, i = 3*d + 3. Suppose 4*x = -i*t + 3 + 8, 4*x = -2*t + 2. Calculate the remainder when 30 + -4 - (0 - 1 - -1) is divided by t.
8
Let y = 60 - 16. Let d = y + 6. Calculate the remainder when d is divided by 13.
11
Let r(p) = 5*p**2 + 2*p - 1. What is the remainder when 89 is divided by r(2)?
20
Let q = 118 - 47. Calculate the remainder when q is divided by 18.
17
Suppose -p - 5*m + 13 = 0, -m - 4*m = 2*p - 46. Calculate the remainder when p is divided by 19.
14
Suppose -4*p + s + 2 = 4*s, 0 = p - 3*s - 8. Suppose p*c - 25 = -3*c. Let u = 12 - c. What is the remainder when u is divided by 3?
1
Let n = 375 - 251. Suppose 7*v - 3*v = -n. Let k = 58 + v. What is the remainder when k is divided by 14?
13
Let x = -12 - -35. Suppose -6*a - 5 = -7*a. Let q = a + 3. Calculate the remainder when x is divided by q.
7
Let g(m) = m**3 - 7*m**2. Let f be g(7). Let i = -3 + f. Let r = 4 - i. What is the remainder when 19 is divided by r?
5
Let b(g) = g**2 + g + 8. Let k be b(0). Let a = 14 - k. Calculate the remainder when a is divided by 4.
2
Suppose 7*x - 25 = 2*x, -3*x = 2*a + 17. Suppose -2*b - 87 = 2*k + 3*b, -b + 88 = -3*k. Let s = a - k. What is the remainder when 44 is div